 - 1).
7
8 - (-8 + -3 - (21 - 16))
24
What is the value of 9 + (-1 + -6 - (10 + -7)) + 5?
4
What is (187 - 187) + 1 + 7?
8
What is the value of -1 - (1 + -17) - (10 - -16)?
-11
(32 - 48) + -24 + 31
-9
(-12 - (-15 - -4)) + (-1 - -5 - -2)
5
What is (37 - 19) + -17 + -2?
-1
What is the value of 2 + -1 + (-21 - 0) - (-3020 + 3012)?
-12
Evaluate -14 - 34 - -53 - (-1 - -2).
4
What is 16 - 25 - (-22 - (7 + -4) - -1)?
15
What is 34 - (-35 - -5) - 35?
29
What is (-122 - -115) + (-1 - (3 - 14))?
3
Calculate (-5 - (2 + -8)) + -14 + 5 + 19.
11
What is the value of -27 + -1 - (4 + (-5 - (1 + -3)))?
-29
(-1 + 10 - 10 - -5) + -5
-1
Evaluate 3 - (-5 + -9 + (3 - (-3 - -1))).
12
Evaluate 12 - (-11 + 0 + 8 + 4).
11
Calculate (57 - 12) + (13 - 18).
40
What is 1 + 7 + -5 - (-4 + 0 + 9)?
-2
Calculate (457 - 429) + 1 + -20.
9
Calculate 8 - (2 - (9 + 8 - 7)).
16
What is 11 + (-1361 - -1368) + 1 + 0 + 9?
28
-1 - 12 - (-142 - -137)
-8
Calculate -5 + -3 + 8 - 4 - (-16 + 1).
11
What is the value of (4 - 11) + 0 - (13 - (-24 - -30))?
-14
Evaluate -25 + 6 - 11 - -5.
-25
8 + (-8 + 22 - 17)
5
Evaluate (-26 - -12) + -15 + 37.
8
Evaluate 142 + -105 + -1 + (1 - 14).
23
Evaluate -376 - -392 - (0 - -24).
-8
Evaluate 2 + 7 - (7 + 4 + -7 + -5).
10
Evaluate -7 - ((-6 - -9) + -7 - (-1 + 6)).
2
Evaluate 163 - 172 - (-5 - -1).
-5
Calculate -90 + 96 - ((-15 - 0 - 0) + -3).
24
(2 - (-13 + 5)) + -4
6
(-16 - (9 + -12 - 4)) + 12
3
What is 21 + 2 + 9 + -13?
19
Calculate -5 + -6 + (-4 - -8) + -19.
-26
Calculate 22 + 2 + -20 - (-1 + 8).
-3
What is -14 + -2 + 26 + -7?
3
What is the value of 2 + 3 + 3 + -8?
0
(-3 - -11) + (-60 - -52)
0
34 + (-1 + 0 - 6) - -3
30
-3 + 17 - (-6 + (7 - 4) - 3)
20
What is the value of (-33 - -71 - 26) + -12 + 0?
0
Calculate (-4 - -1) + 12 + 26 + -13 + -13.
9
-2 + -11 + 700 + -717
-30
Calculate -1 + -2 - (-15 + 22 + -2).
-8
-4 - (0 + (-2 - (-1 + 2))) - 0
-1
What is the value of (-256 - -234) + 1 + 32?
11
4 - (-3 + 2) - (306 + -287)
-14
14 - (27 + (19 - 43))
11
What is the value of (162 + -174 - (2 + (-8 - 0))) + -1?
-7
-30 + (-42 + 50 + -1 + -7 - -8)
-22
What is the value of -1 - (11 + (-17 - 10))?
15
What is the value of (-31 - -18) + (-9 - -9 - -14)?
1
What is the value of (20 - (-1 + 2)) + (-5 - -5 - -6)?
25
What is (6 - 18) + 9 - (1 + 10 + 2)?
-16
Evaluate -5 - (-14 - (5 + -7 + 4 - 1)).
10
3 - 10 - -2 - -11 - 5
1
Evaluate -9 - (4 + -6 - -2) - -8.
-1
Evaluate 25 + -7 + -3 + (25 - 9).
31
Calculate -32 - (14 - (37 + -3)).
-12
Evaluate (2 - 1) + (50 - 45).
6
What is (6 - (16 + -2 - 6) - 0) + -3?
-5
Calculate -6 + 1 + 25 + -14 + (-29 - 1).
-24
-9 + 4 + 5 - (-67 - -60)
7
Evaluate 6 + (6 - (2 + 7)).
3
What is 7 + -2 + 1 + 493 + -485?
14
What is the value of ((-18 - -39) + -13 - (-12 - 0)) + -8?
12
Evaluate -29 + (28 - 34) - (-16 - -3).
-22
What is the value of (1 - 21) + (-1 - -8 - (-4 + 8))?
-17
Evaluate 9 + 1 + -5 - (6 - (9 + -6)).
2
Calculate -15 + (-10 - -8 - 1).
-18
Calculate -49 + 34 + (6 - (0 + 13)).
-22
Calculate (5 + 0 - -2) + (263 - 259) - 36.
-25
What is the value of (-3 - 6) + -23 + (-29 - -39)?
-22
Evaluate (7 - (17 + -30)) + -35.
-15
What is (18 - (5 + 9) - (1 - -12)) + -8?
-17
Evaluate -5 - (-52 + 68 - (-2 - -10)).
-13
Evaluate -6 + 4 - (18 - 5).
-15
What is the value of 2 + 0 - (-14 - -13) - -35?
38
19 + -7 - 3 - 5
4
What is the value of (14 - (27 - 14) - (-33 - 0)) + 3?
37
Calculate -4 - 2 - (-2 - (4 - (-1 - -11))).
-10
4 + -18 + (0 + 1 - -1) + -4
-16
What is (11 - (-6 - (-11 + 4))) + -6 - 24?
-20
4 - ((-19 - -22) + -4 + -2 + 1)
6
9 + (-3 + 6 - 7) + -11
-6
Evaluate -15 - 0 - (-10 + 20 + (11 - 17)).
-19
26 + -39 - (-3 - (-12 - -6))
-16
18 - (10 + -17 - -22)
3
Evaluate 3 + -20 + (422 - 409).
-4
Calculate -9 - (6 + -5 + -10).
0
Calculate -36 - (31 - (-41 - -60) - (-1 + 12)).
-37
Calculate (-6 - 2) + 17 + 0 + -8.
1
What is the value of (-18 + 33 - 23) + (-1 - 4)?
-13
(-2 - 1) + -5 + -3 + -4 + 17
2
Calculate 7 - (-4 - -1 - -17) - (-8 + 0).
1
(59 - 45) + (-2 - (-3 + 4) - 3)
8
Calculate -10 - 3 - -8 - 7 - 16.
-28
Evaluate (0 - -31 - (26 + -8)) + -27.
-14
What is the value of 8 + -23 + 14 - -1 - 2?
-2
Evaluate (-5 - -13) + -21 - -12.
-1
Evaluate (-1 + (7 - 0) + -3 - 5) + 5.
3
What is the value of 20 + (-23 + 23 - (8 - 2))?
14
What is the value of 7 + 2 - -7 - (14 - 10)?
12
Evaluate (0 - (0 + 2)) + -46 + 64 + -56.
-40
What is 5 - ((40 + -31 - (-9 + 2)) + -4)?
-7
Calculate -21 + -4 - -3 - (-153 + 143).
-12
What is the value of -4 + 7 + 4 - (-1 + (-13 - -6))?
15
What is 6 + (-9 - (17 - 6)) + 19?
5
What is -23 - -43 - 7 - -8?
21
Evaluate -1 + (-18 + 5 - 1 - -8) + -18.
-25
Calculate (8 - -2 - -4) + -21.
-7
What is 9 - (-3 + (57 - -5 - 3) - 6)?
-41
Evaluate -20 + 17 + (1 + -8 - -4 - -4).
-2
What is the value of (16 - (14 - 14)) + -18?
-2
What is (13 - (15 + -9)) + -1 + -8?
-2
Calculate 4 - (1 + -5 + 85 + -78).
1
Calculate (-90 - -96) + -1 + -3.
2
Evaluate (41 - 57 - (3 - 4 - -2)) + 4.
-13
Calculate (-3 - -10) + (-55 - -29) + 7.
-12
(0 - -6) + (-2 - 4) - 18 - -8
-10
Evaluate (-8 - (-2 - 6)) + 18 + -20.
-2
What is (12 + -10 + -11 - -16) + 5?
12
What is (52 - 47) + 2 + -1 + -6?
0
Evaluate (5 - (-1 - -7 - (-3 - 4))) + 26.
18
What is 1 - 10 - (1 + -13 - (411 + -418))?
-4
What is -16 + (40 - 16) + -1?
7
2 + (1 - (-10 - 0) - (40 - 35))
8
Calculate -35 - (-84 + 3 + 25).
21
What is the value of -5 - (-10 + 19 + -4)?
-10
Evaluate -81 + 74 + (15 - 0) - (-2 + 7).
3
What is -40 + 17 + 4 + 52?
33
What is the value of -20 - (-21 - -10) - 10?
-19
Calculate 0 + -1 - (-11 - (11 + 10 + -30)).
1
Calculate (3 + (5 - 0) - (21 - 6)) + 16.
9
Evaluate -8 + 21 + -16 - (0 - -23).
-26
6 - (16 + (14 - 13)) - -20
9
(8 + 1 + 3 - 6) + 1
7
What is the value of -75 - -72 - (-2 + 3)?
-4
What is 14 - -2 - (2 + (10 - 12 - 0))?
16
(28 - (40 + -21)) + (4 - -2)
15
What is 20 + 1 - (-35 + -34 + 67)?
23
What is the value of (-18 - -8 - (-7 - 0)) + 8?
5
What is -10 + -3 + 3 + 27?
17
Calculate 4 - (9 - 6) - (-1 - 5).
7
Evaluate 0 + -6 + (-1 - -5 - -1) + 6.
5
(1 - -1) + -8 - ((-14 - -4) + -4)
8
What is (4 - 10) + 28 + -16?
6
What is the value of -35 + 23 - (1 + -19)?
6
8 + -29 + (4 + -2 - 1)
-20
Calculate (-9 - -28) + -7 - 10.
2
Evaluate (131 - 126) + -7 + -2 + 0.
-4
What is the value of 126 - 127 - (5 - -12)?
-18
What is the value of -33 + -2 + 25 + (-2 - -27 - -3)?
18
What is the value of (50 - 81) + (0 + 3 - -8)?
-20
What is (-69 + 54 - (-12 + 1)) + (-1 - 2)?
-7
What is the value of -6 - (3 + -11 - -4 - 4)?
2
What is (6 - 15 - -13) + -13?
-9
What is the value of (-5 + 0 + 8 - -1) + -11?
-7
-11 + 0 + -24 + 22
-13
What is 38 + 1 - ((27 - 16) + 5)?
23
-76 + 98 - (16 + 0) - -16
22
What is the value of (42 - 22 - 37) + -1?
-18
Evaluate -1 + (2 - -1 - -7) + -13.
-4
1 - (-13 - (-4 + 7 - 3))
14
What is (-5 - 0 - -1) + (-13 - (-21 - 9))?
13
What is -3 + 21 - (12 - (-8 - -12 - -2))?
12
What is -1 + (-5 + 7 - 4) + 0 - -13?
10
What is the value of (21 - 33) + (-6 - -4 - -10)?
-4
Evaluate -26 - (-53 + 22 + -22).
27
Evaluate 3 - 2 - (4 - (-13 - -9)) - -6.
-1
(-7 - (-3 + -4)) + 11 + -2 - -2
11
Calculate (89 - 75) + (-3 - 1).
10
What is 14 + (-33 + -2 - -4)?
-17
What is -8 - 4 - -3 - 1 - 3?
-13
Calculate -3 + (-9 - -4) - (23 + -20).
-11
4 - (2 + (8 - 2) + 2)
-6
Evaluate -10 - (-12 + 33 + -15 + -19).
3
What is the value of -1 - 0 - (202 + -204)?
1
Calculate 42 - 64 - (9 - (2 + -1)).
-30
What is -3 + 1 + 10 + -7 + 2 + -30?
-27
What is 51 + -17 + -23 + -27?
-16
0 - -5 - -1 - (6 - (6 + -6))
0
Calculate -24 + 3 + (-3 - -4 - 0).
-20
What is the value of -37 + 72 - (61 + -5)?
-21
Evaluate -3 + 0 + -4 + (2 - 5).
-10
Evaluate 31 + -23 + (-33 - -21).
-4
What is -5 - (6 + (4 - 11)) - (2 - 6)?
0
(-53 - -47) + (-11 - -2) - -1
-14
What is the value of 13 + (0 + -7 - (8 + 8))?
-10
Calculate -9 + -1 + (39 - -17) + -13 + -2.
31
What is the value of -18 + 3 + -10 + (-1 - -5 - -4)?
-17
9 - (-17 + 1 + 13)
12
What is (-1 + 0 - (-14 - -3)) + -1886 + 1840?
-36
What is the value of -7 - (-11 - -11) - 8 - -11?
-4
Calculate -9 + (1 - (-2 + -17)).
11
-13 + 1 + 2 + (20 - 12)
-2
What is the value of 3 + 8 + -2 - (-1 + 9)?
1
(3 - -6 - 2 - 3) + -3
1
What is the value of (-13 - (8 + -32)) + -25 + -17?
-31
Evaluate 2 + 1 + ((-12 - -8) + 12 - 2).
9
Evaluate 12 + -6 + (8 + -7 - 2).
5
Calculate -14 + -12 - (-3 - 9).
-14
-5 + (11 - 15) + 16
7
-25 - 2 - (18